 788 = 0, 31*w - 2*p + 408 = 33*w. What is the remainder when 207 is divided by w?
7
Suppose 0 = -o + 5*g + 8, 0 = -o - 0*o - 5*g - 2. Let q(m) = 4*m**3 + 8*m**2 - 7*m. Calculate the remainder when q(o) is divided by 28.
19
Let a = -143 - -154. Let q(f) = f**2 - 7*f - 37. What is the remainder when (-534)/(-9) + 1/(-3) is divided by q(a)?
3
Suppose 0 = 10*x - 7*t + 9*t - 80, -33 = -4*x - t. Calculate the remainder when 2106 is divided by x.
6
Calculate the remainder when 713 is divided by 147 - (432/540 - (-4)/5*4).
141
Let h be 77/55 + 6/10. Suppose 4*p = 5*y + 155, -h*y + 2 = -8. Suppose -p = -5*g + 45. Calculate the remainder when g is divided by 4.
2
Let x(u) = 4*u**2 + 67*u + 160. Calculate the remainder when x(-21) is divided by 44.
33
Let d = -4076 - -4330. What is the remainder when d is divided by 65?
59
Suppose -o = -7, -76764 = -3*t - 69*o + 72*o. Calculate the remainder when t is divided by 179.
177
Let o(q) = -6*q**2 + 4*q**2 + 0*q**2 - 3 - 6*q - 2*q**3 + q**2. Let u(x) = -x**3 - x**2 - 2*x + 61. What is the remainder when u(0) is divided by o(-2)?
19
Let w(f) = f**2 - 96. Let n be w(10). Suppose 32 - 118 = -t - 3*u, 0 = n*u + 12. What is the remainder when 662 is divided by t?
92
Suppose 2*y - 4*y = -200. Suppose r = -4*i + 55, -i + 39 = -4*r + 38. What is the remainder when y is divided by i?
9
Let j = -5172 + 5246. What is the remainder when 147 is divided by j?
73
Let v be (6988/(-6))/(50/5625). Calculate the remainder when 2/(-10) + v/(-125) is divided by 75.
73
Suppose 2 = -3*t - 22. Let u(x) = -x**2 - 16*x - 1. What is the remainder when u(t) is divided by (-45)/(-2) + 0 - (-3)/(-6)?
19
Let s(f) = -f - 22. Suppose -12*x = -5*x - 70. Let j be ((-42)/(-5))/((-3)/x). What is the remainder when 14 is divided by s(j)?
2
Let x(y) = y + 16. Let g be x(-16). Suppose 0 = -5*t - g*t + 475. Suppose 3*r = 49 - 1. Calculate the remainder when t is divided by r.
15
Suppose 3*y - 3*p + 396 = 0, 12*y - 620 = 17*y + 5*p. Let j = 165 - y. Calculate the remainder when j is divided by 9.
5
Let b(y) = -20 - 20*y + 50*y - 32*y. Calculate the remainder when 55 is divided by b(-18).
7
Suppose -73 - 55 = -4*g - 4*o, 5*g - 4*o - 124 = 0. Let m = -297 - -297. Suppose 5*w = 10, m*w + 10 = 3*b - w. What is the remainder when g is divided by b?
0
Suppose -2*k + g + 38 + 72 = 0, -5*g - 172 = -3*k. Suppose 0 = -4*w - w + 35. Calculate the remainder when k is divided by w.
5
Calculate the remainder when 2133 is divided by 5/(110/1496) + 6.
61
Let s(x) = -x**3 - 8*x**2 - 9*x - 13. Let a be s(-7). Let l(h) = 2*h + 26. Calculate the remainder when (-12)/(5 + a) + (26 - 1) is divided by l(-9).
7
Suppose 440*n + 91*n - 687014 = 100*n. What is the remainder when n is divided by 29?
28
Suppose 4*b - 79 = 5*b. Let q = -71 - b. Suppose 5*r + 21 = 51. What is the remainder when q is divided by r?
2
Suppose 3*m - 3797 = -5*w, 753 = w - 91*m + 90*m. Let c = -551 - -584. Calculate the remainder when w is divided by c.
31
Suppose 0 = -3*v - 5*g + 27, 0 = -3*v - 2*g - 0*g + 18. Suppose v*j = -3*y + 44, j + 49 = 5*y - 2*y. What is the remainder when 140 is divided by y?
12
Suppose 87*g + 1106 = 2545 + 1258. Let i be (-1 + 2)/(2/4). Suppose f - 48 = -i*f. Calculate the remainder when g is divided by f.
15
Let d(i) = -2*i**3 + 9*i**2 - 11*i - 7. Let b be d(5). Let t = b - -194. Suppose 3*z = z + 24. Calculate the remainder when t is divided by z.
11
Suppose -108*u + 103*u = 4*p - 16705, 0 = 2*u + p - 6685. What is the remainder when u is divided by 139?
9
Suppose 8*o + 21*o - 219525 = 4*o. What is the remainder when o is divided by 2195?
1
Let s be (-1 + -2 - -3) + -138. Let g = s + 146. What is the remainder when (6/9)/(g/852) is divided by 15?
11
Calculate the remainder when -1164*(-11 - -3)/48 is divided by 53.
35
Let g(j) = -j**2 - j. Let z(n) = 11*n**2 + 8*n + 3. Let u(r) = 4*g(r) + z(r). Let f = -151 - -150. Calculate the remainder when 22 is divided by u(f).
4
Calculate the remainder when 451 is divided by -3*12/216*-1374.
222
Let r be (3942/6)/3 - -1. Let j = r - 203. What is the remainder when 151 is divided by j?
15
Let y be (-25)/(-10) - 1/2. Let d(x) = -6*x + 11*x**y + 1 + 8*x**3 - 3 - 6*x**3 - 6. What is the remainder when d(-5) is divided by 24?
23
Let o(d) = -6*d**2 + 21*d + 11. Let x be o(11). Let a = -407 - x. Suppose 0 = -2*h + 25 + 33. Calculate the remainder when a is divided by h.
19
Let a(k) = -5*k - 15. Let j(f) = 6*f + 14. Let o(g) = -2*a(g) - 3*j(g). Let p(n) = -33*n**2 + 42*n + 19. What is the remainder when o(-8) is divided by p(0)?
14
Let q = -143 - -75. Let l = q - -73. Suppose 30*g - 171 = 21*g. What is the remainder when g is divided by l?
4
Suppose 3343 + 102 = -5*d. Suppose -43*r = 94*r + 548. Calculate the remainder when 72 is divided by d/(-39) - r/3.
15
Let i = 216 - 214. Suppose l - i*u - 138 = -l, -l = 5*u - 93. Calculate the remainder when l is divided by 24.
1
Let s = 159 - 153. Let w(t) = -10*t + 77. What is the remainder when (4/10)/((-4)/(-320)) is divided by w(s)?
15
Let l be 2/(3 + -1 + -1). Let x(p) = 1 + 2*p**2 - 6*p**l + 5*p + 4*p**3 - 3*p**3 - p. Calculate the remainder when x(4) is divided by 10.
7
Suppose -4*x - 22 + 34 = 0, -3*x - 585 = -3*i. What is the remainder when i is divided by 99?
0
Suppose -126 + 30 = -2*x. Calculate the remainder when (5 - (3 + 1))/((-2)/(-140)) is divided by x.
22
What is the remainder when 307 - 100 - (-3 + 1 - 3) is divided by 31?
26
Let b = -614 + 741. What is the remainder when 252 is divided by b?
125
Let t(q) = 6*q - 67. Let s be t(12). Suppose -s*p = 11*c - 8*c - 16, 5*c - 2*p - 37 = 0. What is the remainder when c is divided by 3?
1
What is the remainder when 16/12*12 + 261 is divided by 28?
25
Let m(d) = -d + 15. Let f be m(-8). Let l(a) = f*a**2 - 7 + 7 + 32*a**2. Calculate the remainder when l(-1) is divided by 14.
13
Suppose 5*r = -449 + 1589. Suppose 2*z = -2*n - 52, -14*z = -10*z - n + 94. Let a = 9 - z. What is the remainder when r is divided by a?
30
Let g = 154 + -152. Suppose 3*i - w - g*w - 81 = 0, -w = 3. Calculate the remainder when 119 is divided by i.
23
Let k = 304 + -187. Let l be -3 - (-5)/(-1 - (-2 - 0)). Suppose 2*o + 88 = 4*c - 0*o, -l*c - o = -52. What is the remainder when k is divided by c?
21
Suppose 6*i = -0*i + 120. What is the remainder when (-9)/(163/(-32) + 5) is divided by i?
16
Suppose -13*k = -4*k - 27. Let x(g) = 3*g**2 - 5*g + 3. Let i be x(k). What is the remainder when (-24)/(-7) - 8/280*i is divided by 3?
0
Suppose 2*m = -4*m + 126. Suppose -8*q = -11 - m. What is the remainder when 10 is divided by q?
2
Let y(p) = -3*p**3 - 4*p**2 + 7*p + 15. Calculate the remainder when 529 is divided by y(-4).
69
Suppose 0 = 10254*q - 10250*q - 52. Calculate the remainder when 153 is divided by q.
10
Let q = -3977 + 3968. Let z(p) = -8*p**2 - 7 - p**3 - 4*p + 7*p + 4*p. Calculate the remainder when z(q) is divided by 3.
2
Let k = 1190 - 1142. Calculate the remainder when 172 is divided by k.
28
Suppose 0*f + 5*f = 2*q + 865, 4*f = 5*q + 675. Let k = f + -158. Calculate the remainder when 24/2*24/9 is divided by k.
15
Let h(z) = -z**2 - 17*z + 21. Let a be h(-14). Suppose 3*l - a = -2*g, -2*g + 39 + 17 = -4*l. Calculate the remainder when 146 is divided by g.
26
Suppose 25 = 5*h, m - 147 = -3*m - 3*h. Let y(r) = -437*r + 60874. Calculate the remainder when y(139) is divided by m.
32
Let d(w) = 266*w**2 - 19*w - 59. Calculate the remainder when d(-3) is divided by 21.
19
Suppose -12*b = -3683 - 3097. Calculate the remainder when b is divided by 116.
101
Let s = -42281 + 42286. Suppose -20 = -2*g + 6. Calculate the remainder when g is divided by s.
3
Calculate the remainder when 719 is divided by (66/(-2))/((-13)/(22 - -69)).
26
Suppose 12*w + 73 = 25. Suppose -4*q + 5*q = 23. What is the remainder when w/(-4) - 1 - -45 is divided by q?
22
Let i = -211 - -209. What is the remainder when 8*1*(-14)/(-8) is divided by 8/(1 + -3 - (i + -1))?
6
Suppose -22*l - 2652 = -26*l. Let y = l + -655. Calculate the remainder when 342 is divided by y.
6
Suppose 10*i - 15*i - 27 = 3*t, -3*i - 5*t - 29 = 0. Calculate the remainder when -5 + 6 + 35 + i is divided by (-6)/4*2*-3.
6
Let s = 6329 - 5504. What is the remainder when s is divided by 234?
123
Let b = -16278 - -24004. Cal